13, 37, 47, 10159
What are the prime factors of 467695321?
607, 770503
What are the prime factors of 32365874?
2, 16182937
What are the prime factors of 3777616621?
16811, 224711
List the prime factors of 62337417.
3, 20779139
What are the prime factors of 186647020?
2, 5, 7, 1333193
List the prime factors of 50132536.
2, 59, 106213
List the prime factors of 526879263.
3, 59, 2976719
What are the prime factors of 425055076?
2, 61, 79, 22051
What are the prime factors of 4118206622?
2, 2311, 891001
List the prime factors of 1996029658.
2, 7, 142573547
What are the prime factors of 3294060221?
6803, 484207
What are the prime factors of 67048261?
7, 29, 330287
What are the prime factors of 949103079?
3, 71, 103, 43261
What are the prime factors of 1935993467?
19, 23, 192617
List the prime factors of 935841336.
2, 3, 43, 906823
List the prime factors of 1403924601.
3, 467974867
What are the prime factors of 54470719?
263, 207113
What are the prime factors of 78538488?
2, 3, 7, 467491
List the prime factors of 3282924655.
5, 17, 43, 389, 2309
List the prime factors of 3399137441.
7, 59, 8230357
What are the prime factors of 131332356?
2, 3, 109, 33469
List the prime factors of 96934740.
2, 3, 5, 7, 32971
What are the prime factors of 2318127490?
2, 5, 7, 19, 61, 28573
What are the prime factors of 112024857?
3, 7, 101, 52817
List the prime factors of 413262786.
2, 3, 59, 1167409
List the prime factors of 54743218.
2, 19, 1440611
List the prime factors of 208698025.
5, 8347921
What are the prime factors of 17471694?
2, 3, 383, 7603
List the prime factors of 1014182556.
2, 3, 84515213
What are the prime factors of 14778789?
3, 19, 259277
What are the prime factors of 17407187?
7, 773, 3217
List the prime factors of 79038309.
3, 7, 19, 198091
List the prime factors of 64423532.
2, 179, 89977
List the prime factors of 91080411.
3, 467, 65011
What are the prime factors of 54791543?
23, 251, 9491
List the prime factors of 3942994863.
3, 3989, 329489
What are the prime factors of 3090864?
2, 3, 7, 9199
What are the prime factors of 271306807?
271306807
What are the prime factors of 661040?
2, 5, 8263
List the prime factors of 1779447865.
5, 13, 27376121
What are the prime factors of 199647043?
73, 2734891
List the prime factors of 17769269.
7, 2538467
What are the prime factors of 7750074940?
2, 5, 23, 1049, 16061
List the prime factors of 293810652.
2, 3, 906823
List the prime factors of 294249319.
7, 13, 3233509
What are the prime factors of 608847614?
2, 304423807
What are the prime factors of 67486816?
2, 37, 56999
What are the prime factors of 632094517?
73, 8658829
What are the prime factors of 1653742610?
2, 5, 13, 12721097
What are the prime factors of 336739717?
19, 769, 1213
List the prime factors of 581361629.
7069, 82241
List the prime factors of 1081069405.
5, 13, 16631837
List the prime factors of 250327716.
2, 3, 20860643
What are the prime factors of 42197041?
1217, 34673
What are the prime factors of 924561498?
2, 3, 7, 23, 73, 1873
List the prime factors of 676873761.
3, 107, 2108641
List the prime factors of 568625691.
3, 251, 755147
List the prime factors of 1321624412.
2, 73, 4526111
List the prime factors of 18965990.
2, 5, 19, 173, 577
List the prime factors of 339581625.
3, 5, 905551
List the prime factors of 1007100338.
2, 503550169
List the prime factors of 3524880782.
2, 41, 149, 288499
List the prime factors of 47439952.
2, 7, 41, 10331
What are the prime factors of 429620272?
2, 26851267
What are the prime factors of 68712282?
2, 3, 3817349
What are the prime factors of 7411228171?
109, 1279, 53161
List the prime factors of 109329426.
2, 3, 47, 83, 173
What are the prime factors of 57695717?
57695717
List the prime factors of 289643855.
5, 83, 697937
List the prime factors of 939848063.
7, 11, 37, 73, 4519
List the prime factors of 429500241.
3, 47, 1015367
List the prime factors of 952972448.
2, 257, 115877
List the prime factors of 239926348.
2, 3347, 17921
What are the prime factors of 522691994?
2, 11, 23758727
List the prime factors of 419244210.
2, 3, 5, 7, 11, 60497
List the prime factors of 264042726.
2, 3, 733, 60037
List the prime factors of 2833755178.
2, 281, 431, 11699
What are the prime factors of 414557739?
3, 46061971
What are the prime factors of 91694303?
91694303
List the prime factors of 44657452.
2, 7, 1594909
What are the prime factors of 1651406746?
2, 11, 75063943
List the prime factors of 225883422.
2, 3, 31, 317, 1277
List the prime factors of 945924780.
2, 3, 5, 15765413
List the prime factors of 2129015313.
3, 78852419
What are the prime factors of 300835683?
3, 19, 577, 3049
List the prime factors of 516861868.
2, 109, 1185463
List the prime factors of 1331147568.
2, 3, 3001, 9241
List the prime factors of 163916993.
37, 151, 29339
List the prime factors of 87806950.
2, 5, 7, 11, 22807
What are the prime factors of 7355227507?
59, 149, 836677
What are the prime factors of 94991956?
2, 103, 230563
What are the prime factors of 102463747?
9151, 11197
What are the prime factors of 62271223?
7, 8895889
What are the prime factors of 487933387?
73, 6684019
List the prime factors of 84058892.
2, 113, 185971
List the prime factors of 680559428.
2, 223, 762959
List the prime factors of 1921235725.
5, 76849429
What are the prime factors of 6677401753?
11, 1487, 408229
What are the prime factors of 37194830?
2, 5, 131, 28393
What are the prime factors of 243680875?
5, 71, 27457
What are the prime factors of 1120974887?
11827, 94781
List the prime factors of 36310591.
83, 181, 2417
What are the prime factors of 7423710176?
2, 197, 1177619
List the prime factors of 274768072.
2, 67, 109, 4703
What are the prime factors of 1400272965?
3, 5, 7, 13, 341947
What are the prime factors of 103727505?
3, 5, 7, 101, 9781
List the prime factors of 101327439.
3, 113, 499, 599
List the prime factors of 627976062.
2, 3, 7, 37, 2749
What are the prime factors of 77241719?
77241719
What are the prime factors of 231562246?
2, 227, 510049
List the prime factors of 47736112.
2, 1117, 2671
List the prime factors of 128048151.
3, 7, 11, 151, 3671
What are the prime factors of 198041165?
5, 7, 541, 10459
List the prime factors of 929602687.
13, 17, 101, 41647
List the prime factors of 53564915.
5, 10712983
List the prime factors of 915030632.
2, 114378829
What are the prime factors of 1588751548?
2, 9883, 40189
List the prime factors of 959370523.
83, 3217, 3593
List the prime factors of 1291554230.
2, 5, 129155423
List the prime factors of 572676670.
2, 5, 47, 631, 1931
What are the prime factors of 47788863?
3, 15929621
What are the prime factors of 792593470?
2, 5, 1097, 72251
List the prime factors of 772615659.
3, 67, 3843859
What are the prime factors of 2009974601?
29, 69309469
List the prime factors of 170093332.
2, 42523333
What are the prime factors of 92657548?
2, 17, 83, 16417
List the prime factors of 1125186628.
2, 1889, 148913
List the prime factors of 1008608693.
131, 2131, 3613
List the prime factors of 3098733674.
2, 19, 199, 409777
List the prime factors of 55837886.
2, 13, 2147611
What are the prime factors of 822553391?
11, 74777581
What are the prime factors of 2050923128?
2, 11807, 21713
List the prime factors of 128489869.
47, 2733827
List the prime factors of 1624654521.
3, 7, 17, 1516951
What are the prime factors of 155691044?
2, 677, 57493
What are the prime factors of 4733076275?
5, 23, 8231437
What are the prime factors of 1527838888?
2, 190979861
What are the prime factors of 128398767?
3, 7, 873461
List the prime factors of 581419017.
3, 167, 386839
List the prime factors of 96594547.
7, 113, 122117
What are the prime factors of 117966348?
2, 3, 41, 26641
List the prime factors of 5187068815.
5, 17, 61, 83, 709
List the prime factors of 86093770.
2, 5, 7, 1229911
What are the prime factors of 50065154?
2, 25032577
List the prime factors of 45398980.
2, 5, 11, 19, 10861
What are the prime factors of 33775045?
5, 53, 127453
What are the prime factors of 3303259?
3303259
What are the prime factors of 2886991183?
44483, 64901
List the prime factors of 288372075.
3, 5, 31, 4001
List the prime factors of 117340211.
117340211
List the prime factors of 165931934.
2, 7, 17, 137, 727
List the prime factor